t is the remainder when r is divided by d(-8)?
21
Suppose 2*a = -5*m - 74 + 90, -3*a = 4*m - 45. Suppose -5 = 3*t - 32. Calculate the remainder when a is divided by t.
5
Let s = -963 - -2466. Suppose -13*b = -s + 359. What is the remainder when b is divided by 32?
24
Let o be 9/(-15) - 783/45. Calculate the remainder when (-12)/o - (-50)/6 is divided by 5.
4
Suppose -134 = -g + u, 2*g - u = -4*u + 288. Let t = g - 40. What is the remainder when t is divided by 26?
20
Let m(g) = 3*g + 32. Let w be m(6). Suppose 5*n - 2*n = 3*a + 48, -a = -3*n + w. What is the remainder when 84 is divided by n?
16
Let x(z) = 38*z**3 + 2*z - 1. Let j = -155 - -156. Calculate the remainder when 153 is divided by x(j).
36
Suppose 4*r + 2*v - 76 = 0, -4*r - 14*v + 76 = -9*v. Calculate the remainder when 1762 is divided by r.
14
Suppose 21*h - 1334 = 3097. What is the remainder when 638 is divided by h?
5
Let a(m) = -270*m + 561. Calculate the remainder when 291 is divided by a(2).
18
Let f = 6736 + -6122. Suppose 0 = -3*v + 3*u - 0*u + 183, 4*u + 132 = 2*v. What is the remainder when f is divided by v?
54
Let a = 27733 - 26811. Calculate the remainder when a is divided by 174.
52
Suppose 22*a = 37*a - 765. Suppose -2*m = 2*n - 12, 0 = 3*m + 2*m - 2*n - a. What is the remainder when 95 is divided by m?
5
Let j(o) = 2*o**3 + 2*o**2 - 4*o + 10. Let i = 36 - 15. What is the remainder when j(2) is divided by 1*(-4)/(-12)*i?
5
Let y = -1788 - -1811. What is the remainder when 156 is divided by y?
18
Let r(b) = b - 1. Suppose 4*n - 44 = -4*k + 72, -6*n = 3*k - 96. What is the remainder when k is divided by r(4)?
2
Let a be 4/42 - ((-367156)/84 + -15). Suppose -40*t = 11*t - a. What is the remainder when t is divided by 20?
6
Let l(i) = -2*i + 116*i**2 - 7 - 55*i**2 - 52*i**2. Calculate the remainder when 42 is divided by l(-2).
9
Calculate the remainder when 5/((12/24)/(1/2)) + 91 is divided by 1.
0
Let j be -2*3/(-6)*(0 + 87). Let o = 83 - j. Let i = o - -16. Calculate the remainder when 70 is divided by i.
10
Let t(c) = 45 - 10*c + 10 + 101 - 26. What is the remainder when 99 is divided by t(12)?
9
Let r(v) = 2570*v + 5323. What is the remainder when 190 is divided by r(-2)?
7
Let u be (-6 - 105/(-9))*3. Suppose -u*f = -13*f - 108. Calculate the remainder when f is divided by 1.
0
Let t = -327 - -354. Suppose 128 = t*m - 23*m. Calculate the remainder when 124 is divided by m.
28
Suppose 4*p - 5*c - 2294 = 0, 5*p + 4*c = 2733 + 114. What is the remainder when p is divided by 220?
131
Suppose 2*q + 5*i - 16602 - 5337 = 0, -2*q + 21889 = -5*i. Calculate the remainder when q is divided by 20.
17
Let z = 259 - 223. Suppose -530 = z*k - 3122. Calculate the remainder when k is divided by 17.
4
Let l be 20 - (12/4 + -3). Calculate the remainder when 28 is divided by (-1)/l*-5 + (-156)/(-16).
8
Let s be 2/(-5) - 342/(-30). Suppose 5*r - s*r + 210 = 0. Let m(y) = y**2 - 2*y - 5. What is the remainder when r is divided by m(6)?
16
Suppose -4*y - 3*f + 20554 = 0, -3*y = 3*f - 20560 + 5149. Calculate the remainder when y is divided by 49.
47
Suppose 0 = -5*u + 2*u - 3, 464 = 3*y - 5*u. Suppose 581 = 5*q - b, 4*b + 299 + y = 4*q. Calculate the remainder when q is divided by 24.
21
Suppose 5*o + 0*o = 4*d - 511, -4*d - 3*o = -487. Let f = 187 - d. Calculate the remainder when f is divided by 32.
31
Let y = -69 + 103. Let a = 20716 + -20242. Calculate the remainder when a is divided by y.
32
Let s = 3591 - 3424. Calculate the remainder when 506 is divided by s.
5
Let p(k) = k**2 + 2*k + 9. Let h be p(-6). Let a = -29 + h. Calculate the remainder when -2 + 4/(a/175) is divided by 16.
13
Suppose -4*g = -3*r + 139, 4*r = 4*g - 3*g + 181. Let x(p) = 2*p**3 - 4*p**2 - 3*p + 7. What is the remainder when r is divided by x(3)?
13
Calculate the remainder when -16 + (-7 - -707 - -17) is divided by 39.
38
Let m = -47 - -51. Suppose -4*i = -4*u + 92, -4*i = 2*u + 8 - 24. Calculate the remainder when u is divided by m.
2
Let q = -448 + 453. Suppose 2*g + 49 = q*t - 0*g, -3*t - 5*g + 48 = 0. What is the remainder when 96 is divided by t?
8
Let u(g) = -23*g + 9. Let i be u(0). Calculate the remainder when 69 is divided by 1 + 6 - (-108)/i.
12
What is the remainder when 456 is divided by ((((-60)/(-25))/(-3))/(20/(-350)))/1?
8
Let h(f) = -3*f**3 - 36*f**2 - 5*f - 34. Calculate the remainder when 235 is divided by h(-12).
1
Suppose -345*n + 1963 = -2522. Suppose -4*b = -7*b + 6. Calculate the remainder when n is divided by b.
1
Suppose 105*d = 24799 - 964. What is the remainder when d is divided by 2*3/(-6) + 58?
56
Calculate the remainder when ((-618)/5)/(-6) - 6/(-15) is divided by 0 + 16 + 7 + -11.
9
Let j(q) = 7*q + 1 + 0 - 122*q**3 - 5*q**2 + 123*q**3 - 24 - q**2. Calculate the remainder when 150 is divided by j(6).
17
Let s(o) = -2*o**2 + o**3 + 4*o**2 + 4*o**2 + 3*o - o - 1. Calculate the remainder when 8/16*-90*-1 is divided by s(-4).
22
Let j(k) = k**3 - 9*k**2 - 8*k - 8. Let i be j(10). Suppose -13*h = -i*h - 9. Suppose h*n - 26 = 100. What is the remainder when n is divided by 8?
6
Suppose -15 = -5*f, v + f - 278 = -4*f. Calculate the remainder when v is divided by 89.
85
Let y = 352 - -245. Calculate the remainder when y is divided by (11 - -14) + (-25)/(-5).
27
Suppose 0 = 119*m - 195*m + 324368. What is the remainder when m is divided by 122?
120
Suppose 0 = 2*r + 4, 4*l - 6*l - 5*r = -44. Suppose -4*h + 226 = -194. What is the remainder when h is divided by l?
24
Let o = 32 - 31. Suppose 45 = 5*w + 2*b, w + 12 = 4*b - o. Suppose w*p - 434 = 308. Calculate the remainder when p is divided by 36.
34
Let f = 39 - 39. Suppose -4*s - 12 = f, -g + 2*s = 2*g - 129. Suppose 34*y - g = 33*y. Calculate the remainder when y is divided by 15.
11
Suppose 0 = -301*k + 5619 + 9836 + 19762. What is the remainder when 22229 is divided by k?
116
Suppose 5*m - 5*l - 606 - 124 = 0, 0 = -3*m - 2*l + 443. Let j = m + -135. Calculate the remainder when 79 is divided by j.
7
Suppose 98 + 811 = 9*s. Suppose 0 = -4*f - 34 + 102. Calculate the remainder when s is divided by f.
16
Suppose -119*r - 78*r = 24*r - 131053. Calculate the remainder when r is divided by 64.
17
Suppose t + 1084 = 6*t + 2*r, 3*r = -5*t + 1081. Suppose -2*w = -5*j - t, 2*w = -j + 151 + 91. What is the remainder when w is divided by 61?
58
Suppose 0 = -9*r - 50*r + 2891. What is the remainder when 3916 is divided by r?
45
Suppose 5*g = -389 + 9. Let h = 150 + g. What is the remainder when h is divided by 0 - -2 - -1 - -12?
14
Let p = 2787 + -2508. Calculate the remainder when p is divided by 135.
9
Let a(o) be the first derivative of o**4/4 + 14*o**3/3 + 3*o**2 - 20*o + 22. Let l be a(-13). Let n = l - 69. Calculate the remainder when 22 is divided by n.
0
Suppose 90*v + 29640 = 120*v. Calculate the remainder when v is divided by 188.
48
Suppose 1761*p - 2610 = 1746*p. What is the remainder when 1029 is divided by p?
159
Let k = 4536 + -4370. What is the remainder when 207 is divided by k?
41
Let s(p) = -2*p**2 + 4*p - 14. Let t be s(4). Calculate the remainder when t/(-9)*783/45 is divided by 10.
8
Let q(l) = 22*l**2 - 100*l + 557. What is the remainder when q(6) is divided by 27?
20
Suppose -3375 = -2*k + 5*y + 59, 0 = 3*k + 4*y - 5105. Suppose 5*q - k = -557. Calculate the remainder when q is divided by 77.
76
Let a(y) = -6 + 4 + 3*y - 3 - 4. Suppose 17*w + 5*r - 35 = 12*w, 0 = -5*r + 15. Calculate the remainder when a(9) is divided by w.
2
Let a(c) = 7*c - 42. Suppose -660 = 11*i - 15*i. Calculate the remainder when i is divided by a(10).
25
Let i = 20 + -6. Suppose -1252 = -501*p + 505*p. Let m = p + 353. What is the remainder when m is divided by i?
12
Let d(y) = y**2 + y - 764. Calculate the remainder when d(33) is divided by 17.
1
What is the remainder when 131 - (-11 - -20 - -1) is divided by 111?
10
Calculate the remainder when 473 is divided by ((-24)/15)/(15496/(-1720) - -9).
129
Suppose -17*n - 144 = -19*n. Let y = n - 64. Calculate the remainder when 142 is divided by y.
6
Suppose 0*t - 2*b = 4*t - 10, 0 = 5*b + 5. Suppose 127*c - 63*c - 61*c = 159. What is the remainder when c is divided by (2 - t/2)*54?
26
Let o = 240 - 29. Let h = 280 - o. Calculate the remainder when 206 is divided by h.
68
Suppose -110*h = -113*h - 5*l 